+ 58 + s. What is the tens digit of v?
6
Suppose 3*s + 2*i - 12 = 4, -3*i + 11 = -2*s. Suppose s*t = -4*r - 3*t - 5, -5*r - t = 1. Suppose r*q + 114 = 3*q. What is the tens digit of q?
3
Suppose -2868*d + 2860*d = -10600. What is the hundreds digit of d?
3
Suppose -3*h + 5*m = -24, 0*h + 2*m + 9 = h. Suppose 2*u + 640 = h*z, 3*z = -0*z + 5*u + 628. What is the hundreds digit of z?
2
Suppose 0 = 3*t + 5*m - 1287, 0 = 3*m - 0*m. What is the hundreds digit of t?
4
Suppose 0 = -4*h - 5*y + 708 + 27, 3*y = 5*h - 965. What is the hundreds digit of ((-39)/65)/((-1)/h)?
1
Let w = -43 - -43. Suppose -2*i + w + 32 = -4*u, 4*i - 92 = u. What is the tens digit of i?
2
Let u = -8 + 12. Suppose -3*v - 2 = -v + u*j, 3 = -j. Suppose -a - v*o + 6 = a, -3*o - 6 = 0. What is the units digit of a?
8
Suppose -3*c - 12 = -7*c. Suppose -c*l - 1 - 17 = 0. What is the units digit of (-324)/(-45)*(-20)/l?
4
Suppose -a - 8 = 6. What is the units digit of 1/2*(a - -32)?
9
Let q be (-1)/(-3) - 23/(-3). Let u be (-4)/q*1*-68. Let p = u - 5. What is the units digit of p?
9
Let f(d) be the third derivative of d**5/60 - 7*d**4/24 + 5*d**3/3 + 2*d**2. Let r be f(4). What is the tens digit of 3/(r - (-194)/94)?
4
Let j = 2293 + -1005. What is the thousands digit of j?
1
Let m(p) = -p - 8. Let s be m(-5). Let a be ((-69)/s)/(1/(-3)). What is the units digit of (3 + -4 + 0)*a?
9
Suppose 4*l - 966 = 10*l. Let i = l - -274. What is the tens digit of i?
1
Let m(z) = z**3 - 6*z**2 + 4*z + 2. Let v be m(6). Let s be 0/9 + (-17 - 1). Let r = v + s. What is the units digit of r?
8
Let l = -212 + 1212. What is the hundreds digit of l?
0
Suppose f - 30 = -0. Suppose f*y = 28*y + 102. What is the units digit of y?
1
Let m = -56 + 101. Suppose 0 = -3*l + r + 10, -2*r + m = 5*l + 2*r. Suppose -l*f = -9*f + 48. What is the tens digit of f?
1
Suppose 0 = -4*a + a - 36. Let w = 6 + a. What is the units digit of (w/4 - -2)*16?
8
Suppose -4*u - 7 = -35. Suppose -3*g + 961 = 4*h, u*g = 2*h + 2*g - 513. What is the hundreds digit of h?
2
What is the units digit of 4*(2 + 1 + 138277/212)?
1
Let o be 2*2*(-70)/(-40). Suppose 2*d - o*d = -475. Let k = 135 - d. What is the units digit of k?
0
Suppose 3414 = 15*n + 39. What is the hundreds digit of n?
2
Let m(s) = -s. Let l = -4 + 7. Let q be m(l). What is the units digit of (q/(-4))/(1/4)?
3
Let y = -64 + 102. Let x be (3/6)/((-3)/(-6)). What is the tens digit of (1 - x) + y/2?
1
Suppose 0 = -4*z - 5*o + 6610, -5*z + 4982 = -3*o - 3262. What is the tens digit of z?
5
Let t be (-2 - 478)/(-3) + -2. Suppose -5*z = t - 1208. Suppose -4*w + 5*j + 134 = -w, -5*w - 5*j = -z. What is the tens digit of w?
4
Suppose -2*g + 1 = -5*k, 2*g = -3*g - 5*k + 20. Suppose -6 - g = 3*r. What is the units digit of (-1 - -2)/(r/(-21))?
7
Suppose 4*v - 4 = 2*c + 6, 2*v + 3*c - 1 = 0. Suppose 1 = -2*w + r, -v*r + 2 = 3*w - 8*w. Suppose 5*t - 224 - 76 = w. What is the units digit of t?
0
Let l = -63 + 88. Let f be 45/l*(-10)/(-3). Suppose f*x = 147 + 195. What is the units digit of x?
7
Suppose 17*q = 16*q + 5. Suppose -q*i + 317 = x - 2*i, -1537 = -5*x + i. What is the hundreds digit of x?
3
Let p = -5 - -5. Let g(n) = 2 - 1 + p*n**2 + n**2. What is the units digit of g(-1)?
2
Let o = 92 - 47. Suppose a + x - o - 202 = 0, -4*x - 252 = -a. What is the hundreds digit of a?
2
Let x(w) be the second derivative of 7*w**3/6 - 23*w**2/2 - 15*w + 15. Let o = -17 - -25. What is the units digit of x(o)?
3
Let h(w) = -w**3 + 18*w**2 + 47*w - 42. What is the units digit of h(20)?
8
Suppose -7*q - 1790 + 7593 = 0. What is the hundreds digit of q?
8
Suppose -5*q = -4*p + 1257, -8*p + 1570 = -3*p - 5*q. What is the hundreds digit of p?
3
Suppose n + 3 = -4*z + 32, n - 11 = -z. Let j be (-108)/(-24)*(-68)/z. Let u = 102 + j. What is the tens digit of u?
5
Suppose -90 = -2*q + 72. Let f be 32/6*q/2. Suppose -4*g + f = -0*g. What is the units digit of g?
4
Let q(r) = -r**2 - 8*r + 10. Let g be q(-9). Let f be g/(-1) + (-90)/5. What is the tens digit of (-5 - -4)*(f - 0)?
1
Let q(x) = -x**3 + 5*x**2 + 6*x + 6. Let v(i) = -i - 7. Let z be v(-14). Suppose -4*w = -3*p - 2, 4*p = w + 12 + z. What is the units digit of q(p)?
6
Let a = 330 + -19. Suppose 7*z - 3*z - 1220 = -4*o, 0 = -o - 4*z + a. What is the hundreds digit of o?
3
Suppose 5*m = -21 - 54. What is the units digit of 4 + 3*(-370)/m?
8
Let c(t) = 87*t - 50. What is the units digit of c(5)?
5
Let k(s) = -s + 2. Let i be k(-5). Let g be (2 - (-3 + i)) + -5. Let y = 18 + g. What is the tens digit of y?
1
Let b = -9 + 18. Suppose s + 5*n + b = 0, 6*s - 18 = s - 4*n. Suppose 24 = 2*m - s. What is the units digit of m?
5
Let i(w) be the first derivative of 47*w**3 - 16. What is the tens digit of i(-1)?
4
Let k = -51 + 17. Let b = k - -54. What is the tens digit of b?
2
Suppose 0 = o - 2*o - 8. Let t = o - -14. Let b = 41 - t. What is the tens digit of b?
3
Let y(h) = -65*h + 1. Let g be -33 + 1/(2/8). Let r = 28 + g. What is the tens digit of y(r)?
6
Suppose -14*y - 128 = -2984. What is the hundreds digit of y?
2
Suppose 2*v + 6 = 0, -5 = -5*g - 3*v - 34. Let u be (-48)/(-10) + g/(-20). What is the tens digit of 357/u + 30/(-75)?
7
What is the hundreds digit of ((-7618)/7)/(60/(-210))?
8
Suppose 24141 = 75*v - 315084. What is the tens digit of v?
2
Let m(z) = -6*z + 141. What is the units digit of m(-37)?
3
Suppose 0 = -4*w - w + 50. Let l be (-114)/(-42) - (-4)/14. Let u = w - l. What is the units digit of u?
7
Let r be (1 - -1) + 5 + -6. What is the tens digit of (r + -4 + 4)*74?
7
Let p = 0 - -100. Let w(x) = -64*x**2 + 4*x + 1. Let y be w(-1). Let c = y + p. What is the tens digit of c?
3
Let a(h) = 33*h**2 - 3*h + 14. What is the tens digit of a(4)?
3
What is the hundreds digit of 2/2 - -1 - (-158 - -5)?
1
Let p(s) = 74*s + 68. What is the hundreds digit of p(52)?
9
Let k be (-2)/(-5) + (-16)/(-10). Suppose -5*h = -3*h - k. What is the units digit of 30 + h/1 + -3?
8
Let x be (-4)/(-2)*(-1)/(3/(-318)). What is the tens digit of 4 - 5 - -1*x?
1
Let h be 13/2 - 4/8. Let u be (2 - h) + (-2)/(-2). Let t(q) = q**3 + 4*q**2 + 2*q + 1. What is the units digit of t(u)?
4
Let i = 4896 - 552. What is the units digit of i?
4
Let m = -15 + 14. Let p be -1*(m + 4 + -1). What is the units digit of 2/p*3 - -46?
3
Suppose -2*h = -2 + 6. Let f = h - -5. Suppose 0 = -r - 3*k + 17, 0*k = -3*r + f*k + 75. What is the units digit of r?
3
Let b = 109 + -121. What is the hundreds digit of 10/15 - 1732/b?
1
What is the units digit of (-27 + 1093)*-4*(-1)/2?
2
Suppose 51275 = 33*h + 19001. What is the units digit of h?
8
Suppose 2*q + 2*n = 260, 4*q - n - 541 = 2*n. Let v = q - 88. What is the units digit of v?
5
Let h(n) = -2230*n - 127. What is the units digit of h(-1)?
3
Let l(h) = -2*h + 149. What is the units digit of l(37)?
5
Let d = -28 + 28. Suppose d = -w - 30 + 120. What is the units digit of w?
0
Suppose 4*y + 4*m - 5 = -17, -3 = y - 5*m. What is the tens digit of (-6564)/(-27) + y/27?
4
Let b(d) = 30*d**2 + 1 - 3*d**2 + 5 - 5. What is the tens digit of b(-1)?
2
Suppose -18*u + 14*u - 5*g = -5163, 0 = 3*u - 5*g - 3846. What is the hundreds digit of u?
2
Let h = 3 - -7. Suppose 5*s - 2*z = 35, -2*z - z = s + h. Suppose s*r - 91 = -m, 10 + 13 = r + 5*m. What is the units digit of r?
8
Let n(f) = 28*f**2 - 26*f + 98. What is the thousands digit of n(8)?
1
Suppose 0 = -5*d + q - 3*q + 494, -2*d + 194 = 2*q. What is the tens digit of d?
0
Let h(q) be the second derivative of -q**5/20 + 7*q**4/12 - 2*q**3/3 + q**2 - q. Suppose 0 = -6*s - 6*s + 72. What is the units digit of h(s)?
4
Suppose 0 = -3*k + 9*k - 11514. What is the units digit of k?
9
Let b = 61 - -1. Let v(u) = u**2 + 10*u - 7. Let y be v(-6). Let j = y + b. What is the units digit of j?
1
What is the units digit of -4 - (-3)/3 - (6 - 12)?
3
Let j(a) = 5*a**2 - 7*a - 8. Let o(h) = -3 - 1 + h**2 + 3*h**2 - 5 - 7*h. Let m(b) = 3*j(b) - 4*o(b). What is the units digit of m(7)?
2
Let p(o) = o**2 + 6*o + 2. Let y be p(-6). What is the units digit of (7 + (y - 3))*7?
2
Suppose 16 = 3*h - w, -4*w + 2*w + 4 = 3*h. Suppose -h*k + 8*k = 72. What is the units digit of k?
8
Suppose -306 = -w + 287. What is the hundreds digit of w?
5
Suppose 4*c - 5*w = 103, 5*c - 2*w - 45 = 88. What is the units digit o